3 - -2 - (6 + 2 - -58 - (-3 - -17))?
-53
Evaluate -3 + -139 - (-511 - -470).
-101
-30 + (89 - 4 - 30)
25
Calculate 2 - -126 - (-107 + 148 + -40).
127
What is -31 + (23 - 26 - (-2 - -9))?
-41
What is -20 - (3 - (-6 + (22 - (-9 + 2 - -14))))?
-14
Calculate (1 - 48) + (-1162 - -1220) + (1 - -99).
111
What is (-6 - -133) + -68 + -38?
21
Calculate -2143 + 2211 - (-1 + 85).
-16
What is -7 + (9 - (-1 + -7 + 6)) - (6 + -15)?
13
Calculate -9 + (-136 - -16) + 49 + -36 + 1.
-115
What is the value of -55 + 19 + 11 - 0?
-25
Calculate (365 - 441) + (13 - -21).
-42
What is (2 + -5 + -2 + -18 + -18 - -3) + -12?
-50
-2 + 34 + -27 + (-1 - 9) + (-37 - -136)
94
Calculate -12 + (2 - -5) + -9 + -7.
-21
(5 + -4 - (1 + -1)) + (-7 - 34) - 1
-41
What is (24 - -76 - 54) + -17?
29
What is (1 - (-2 - -1)) + -45 + 24 + 47?
28
What is the value of 7 + 4 - (22 - (-11 - (-2 - 4)))?
-16
What is the value of (-77 - 60) + 59 - -42?
-36
What is 48 - (-47 - -70) - (-2 - -17)?
10
Calculate -48 - -108 - (-12 - (-20 + 8)).
60
Calculate 26 + -39 + 29 + 14 + 13.
43
Evaluate -2 - (-13 - (-7 + -9 + 3)) - (-1 + -59).
58
Evaluate 41 - (14 + (38 - -31)).
-42
(11 - (12 + 12) - -2) + 13
2
What is (-76 + 321 - 66) + -75?
104
(0 - 42) + (1001 - 968)
-9
What is the value of 13 + 21 + 12 + -13 + -39 + -86 + 0?
-92
Calculate -13650 + 13763 + (-9 - (2 - -1)) + 1.
102
Calculate (74 + -53 - -28) + -126.
-77
What is (-3 - 5) + (6 - (13 - 65)) - (10 + -22)?
62
Evaluate 1 + -51 + 0 - (-21 + 30 + -16).
-43
Evaluate 8 + (-192 - -186) + (6 - 1).
7
Evaluate 44 - (46 + 76 + -49).
-29
What is -20 + (-45 - -59) + -22?
-28
What is the value of (12 + -4 - (4 + (8 - 5))) + -3 + 9?
7
Calculate -8 - 0 - (9 + (-26 - 105)) - (11 + 2).
101
(43 - 20 - 45 - -55) + 6
39
What is the value of 5 - (71 + 45 + -9 + -6 + -1)?
-95
What is (-86 - 39) + 137 + (1 - -19)?
32
Evaluate 40 - (-3 + (-16 - -14) - -15) - 8.
22
2073 + -2084 - ((-3 - 0) + (-7 - 5) + -2)
6
Calculate (-103 - -126) + 55 + -10.
68
What is the value of 57 + -37 - (87 - 32)?
-35
Evaluate (-16 - (-18 + 7 - 19)) + 28.
42
What is the value of (-15 - (2 + -3) - -3) + (-73 + 263 - 107)?
72
Evaluate -10 + 19 - (12 + -16) - 17.
-4
What is 178 - (151 - (9 - -82))?
118
Calculate -70 + 11 + 91 - 95.
-63
What is the value of (40 + 9 - 12) + -29?
8
Calculate (-5 - (-36 + 5)) + -1 + 25.
50
15 - 35 - (-100 - (23 - -17 - 17))
103
What is the value of (2 - 1 - (-20 + 14) - (41 + -4)) + 9?
-21
Evaluate 9 - (-21 + 16 + 1 - (1 + 6)).
20
Evaluate 4635 + -4667 - (0 + -75).
43
What is the value of 4 + (-96 - (7 + 0 - 28))?
-71
What is (-21 - 5 - (-36 + 5)) + (8 - -48)?
61
What is 4 + 112 + -6 + -251 + 245 + (1 - 0)?
105
Calculate (22935 - 22933) + (-2 - (-1 + (-1 - -3) - 10)).
9
What is the value of -22 + 79 + (-29 + 29 - 32)?
25
(27 - (16 - (7 + -4))) + -12 - 12
-10
-8 - (54 + -104 + (13 - -8))
21
Evaluate 10 + 12 + -2 + 0 + 23 + (-57 - -31).
17
What is the value of -19 + (21 - 10) + (-59 - -141)?
74
Evaluate -46 - (-22 + 3 - (-6 - 14 - (0 + -11))).
-36
Evaluate (-26 + 12 - -10 - -38) + (-10 - (-1 + 3)).
22
Evaluate 7 + -3 + (3079 - 3150).
-67
Calculate -341 - -349 - ((3 - 2) + 68).
-61
What is -46 + 33 + -44 + 42?
-15
What is the value of -1390 + 1355 - ((-14 - 0) + (-5 - -8))?
-24
What is the value of (113 - 146) + 130 - 178?
-81
40 + -32 + -24 + -2 + 147
129
Calculate (-67 - -1) + 0 + -53 + 53 - (0 + 9).
-75
What is -32 - ((-6 - (7 + -24) - 10) + 0 + -10)?
-23
What is (-4 + 11 - -11) + 21?
39
What is 10 + 1 + -1 - (-127 + (-42 - -84) + 1)?
94
Calculate (2 + -1 - -11 - 49) + (-2 - 7) + 1.
-45
Evaluate (7 - (-124 - -209)) + 2.
-76
Calculate -9 - -4 - ((-15 + 13 - -14) + 23).
-40
Evaluate -41 - (92 + -133 + 67).
-67
What is the value of 14 + (-1 - 0) + (-18 + (26 - 49) - 118)?
-146
-5 - (29 + (9 - 12 - -3) - 9)
-25
(76 - -1) + -36 + (-67 - -100)
74
What is -1 + 14 - (40 + -44) - 16 - (3 - 45)?
43
Evaluate 63 + (-3 - (131 + -31)).
-40
What is 104 + 122 + (-74 - 89)?
63
What is the value of 137 + -29 + (-47 - -37) + 1?
99
Calculate 58 - (90 - (-113 + 122)).
-23
What is (-3 + 18 - 15) + -17 + 72 + 13?
68
What is (16 + -4 - (139 - 119)) + 2 + 60?
54
Evaluate (1 - 45) + (2 + -3 + -7 - -24).
-28
Evaluate -2 - 90 - ((41 - 31) + -10).
-92
What is -85 + (2 + -8 - (-43 + -16 + 31))?
-63
(10 + -12 - 7 - (-4 - -25)) + -13
-43
What is -76 - (18 + -39) - (-18 + -11)?
-26
Calculate (95 - 252 - -58) + 0 + -6 + -4.
-109
Calculate 4 + 125 - (-8 + 67 + -31).
101
Calculate -76 + -41 + 129 + 3.
15
What is the value of 22 + (-65 - (-65 + 29))?
-7
What is 149 + -206 - -65 - (60 - 0)?
-52
-8 - (6 + -13 - -12 - 52) - (-34 - -49)
24
147 - 182 - (19 + (7 - 3))
-58
What is -68 + 21 + -3 + 4 + (1 - 11)?
-56
2 + 0 + 43 + (169 - 127) + -47
40
Calculate (-158 - -71) + 187 - 44.
56
Evaluate -14 - -3 - (57 - (12 + 5)).
-51
What is the value of -12 - ((-11 - 3) + (-10 - -6))?
6
(3 - 8) + -16 - (-47 - (-42 + 8))
-8
What is -7 - (101 + (33 - 117) - (-1 + -29))?
-54
What is 105 + (-79 - 43 - 113)?
-130
What is 1 + -36 + (-8 - -13) - (-32 + (-17 - -55))?
-36
What is the value of 890 + -163 - 749 - (-1 - -1 - -89)?
-111
What is -65 - -88 - (-2 - -10)?
15
-9 - (-41 - (-39 + 20) - 119)
132
What is -2 + (-11 - (11 + -13)) - 7?
-18
Evaluate -17 + 81 + -12 + -11 + -25.
16
Evaluate (-9 - -8) + (36 - 12) - (-10 - 1).
34
Evaluate (4 + -7 - (43 - 28 - 17)) + -34 + -1.
-36
138 + 2 + (-6692 - -6601)
49
What is the value of 53 + (-90 - 6) - -9?
-34
What is (1 - 32 - (24 + -16 - -4)) + 10?
-33
Evaluate (0 + -64 - (7 + -8)) + -1650 + 1636.
-77
-10 - (-58 + -1) - 95
-46
-57 + 64 - (18 - (4 - -4))
-3
What is (1 - (-2 + 3 + 13)) + -7 + -15?
-35
Evaluate 22 + 75 + 20 + -233.
-116
Evaluate 1 - (-31 + 24 + (9 - (-52 + -5))).
-58
Calculate (-6 + 2 + -4 - 0) + (-350 - -308).
-50
-89 - -162 - 126 - -11
-42
(-16 - -2) + (-8 - 4 - -29) + -2
1
What is the value of 96 - 15 - ((6 - -14) + (-3 - 0))?
64
11 - (-25 + (87 - 38))
-13
What is -46 - -30 - (-46 - -5)?
25
Evaluate (47 - (33 + 48)) + 48.
14
Calculate 38 + 10 + (0 - 8 - -9) + -6 + 3.
46
Evaluate (37 - 21 - 0) + -17 - 16.
-17
What is 836 - 845 - (2 - (-1 + -2))?
-14
What is 7 - ((0 + 9 + -2 - (-125 + 122)) + -7)?
4
(-36 - 2) + -3657 + 3632
-63
47 + -115 - -131 - 20
43
What is (14 - ((-6 - -17) + -12 + 6 - 0)) + 10?
19
Calculate (-27 - (2 - -3)) + 314 + -233.
49
What is (0 + 0 - (-4 - 1)) + (601 - (-676 + 1286))?
-4
Evaluate 2 + 2 + -2 + 6 + 30 - (17 + -7).
28
Calculate (3 - (3 - (-20 + 6) - 7)) + -8.
-15
(5 - 7 - -2 - (7 - 18)) + -9
2
Evaluate (-8 - (7 + -29) - (8 + 4)) + 44.
46
What is the value of (-14 - (-14 - (28 + -40))) + 68 + 1?
57
What is the value of (124 - 64 - 20) + -85?
-45
What is the value of 95 + (6 - 12) - (20 + 1)?
68
What is the value of -2 - -6 - (-37 + 38) - (-42 - 0)?
45
What is the value of -2 + 90 + 2 + (16 - -18 - (157 + -121))?
88
What is the value of 24 + -14 + (-27 - 76) + 43?
-50
Evaluate 15 + -129 + (-9 - (-20 - -5 - -5)).
-113
What is 794 + -879 + 0 + 27?
-58
What is the value of -17 + -2 + -6 + 67 + -68?
-26
What is (30 - 5 - 0) + -37?
-12
What is 9 + 56 + -57 + (1 - (-1 + -13))?
23
What is the value of (-1336 - -1255) + 2 + 43?
-36
Evaluate -21 - (-36 + (34 - (-22 + -27))).
-68
23 - 0 - (56 - -45 - 19)
-59
Calculate -62 + (-20 - (-24 + 0 + 4) - 7).
-69
Calculate (-7 - (-14 + 13)) + 29 - 14.
9
What is the value of (9 + -23 - -30) + (-1 - 13)?
2
Calculate 16 + 22 + -42 - ((3 - 5) + (1 - -9)).
-12
What is the value of (133 - 367) + 243 + (1 - (-49 - 1)) + 2?
62
Calculate (0 - -4 - 4) + 84 + (-194 - -190) + 13.
93
What is 19 + 70 + -67 + 17 + 1?
40
Evaluate 63 - 97 - (-14 - (-19 + -15 - -13)).
-41
Evaluate 3 - (-6 + 2 + (-13 - -9) + 13).
-2
What is -3 - -1 - (-1 + 93 + -99)?
5
Calculate -10 + (21 - 20) + 17 - 12 - (-1 + -87).
84
What is -4 + 4 + -55 + 43 + 5 + 5 + 33?
31
What is 8 - (-4 + (-1 - 2) - (-52 - -31) - 30)?
24
(-6 - 1) + -143 + 142 + -10
-18
What is the value of -58 + 59 - (3 + 43) - -86?
41
Calculate -1 + 7 - (-20 + 2 - (-368 + 303)) - 2.
-43
(4 - (-17 + 14 + -18)) + -4
21
Evaluate -2478 + 2486 + (-1 - -21) + 74.
102
What is -2 + -44 + 19 + (-24 - (11 - 12))?
-50
159 + (80 - (-35 + 141))
133
Calculate (66 - 40) + -17 + 23.
32
Evaluate -5 + (-2 - -6) + 4 - ((41 - 23) + -14).
-1
Calculate (-47 - -11) + 109 + -103.
-30
What is (-739 - -303 - -536) + 0 +